e factors of 618284773?
618284773
List the prime factors of 424911221.
7, 60701603
What are the prime factors of 507893852?
2, 101, 1257163
What are the prime factors of 1403862477?
3, 23, 20345833
What are the prime factors of 1540333226?
2, 139, 5540767
What are the prime factors of 8195514?
2, 3, 1365919
List the prime factors of 427171441.
223, 1915567
What are the prime factors of 1130104455?
3, 5, 787, 95731
What are the prime factors of 1502476757?
1502476757
List the prime factors of 7370026.
2, 421, 8753
What are the prime factors of 12326551?
23, 535937
What are the prime factors of 40070939?
1747, 22937
What are the prime factors of 230665751?
59, 3909589
What are the prime factors of 39612226?
2, 19, 1042427
List the prime factors of 516572846.
2, 17, 43, 353333
List the prime factors of 1409006900.
2, 5, 7, 449, 4483
What are the prime factors of 958738998?
2, 3, 7, 41, 79537
List the prime factors of 306855273.
3, 181, 565111
What are the prime factors of 1916935795?
5, 139, 2758181
What are the prime factors of 200841258?
2, 3, 33473543
What are the prime factors of 6593482491?
3, 2197827497
List the prime factors of 2190861116.
2, 61, 193, 46523
What are the prime factors of 371066171?
7, 7572779
List the prime factors of 10080591.
3, 3360197
List the prime factors of 386545280.
2, 5, 11, 54907
List the prime factors of 1658619325.
5, 11, 1153, 5231
List the prime factors of 16119102.
2, 3, 53, 173, 293
What are the prime factors of 16403551?
1433, 11447
List the prime factors of 53513516.
2, 7, 827, 2311
List the prime factors of 91806935.
5, 11, 43, 3529
What are the prime factors of 87273698?
2, 2659, 16411
List the prime factors of 35113236.
2, 3, 2926103
List the prime factors of 297125980.
2, 5, 181, 211, 389
List the prime factors of 11050368.
2, 3, 7, 4111
What are the prime factors of 343981995?
3, 5, 7, 17, 107, 1801
What are the prime factors of 51593480?
2, 5, 73, 17669
List the prime factors of 121542822.
2, 3, 2250793
What are the prime factors of 451312434?
2, 3, 19, 43, 30689
What are the prime factors of 103627254?
2, 3, 19, 41, 22171
What are the prime factors of 705981312?
2, 3, 37, 5521
List the prime factors of 36621922.
2, 18310961
What are the prime factors of 7763509311?
3, 12539, 206383
List the prime factors of 7959448761.
3, 11, 1931, 124907
What are the prime factors of 1553571914?
2, 4507, 172351
What are the prime factors of 3150352?
2, 19, 43, 241
What are the prime factors of 34575019?
2113, 16363
List the prime factors of 1014938449.
7, 144991207
What are the prime factors of 31024962?
2, 3, 1723609
List the prime factors of 2235168133.
11, 203197103
What are the prime factors of 1128198336?
2, 3, 17, 179, 1931
List the prime factors of 88613947.
88613947
List the prime factors of 40385643.
3, 43, 47, 6661
What are the prime factors of 148955380?
2, 5, 7, 1063967
What are the prime factors of 298445622?
2, 3, 49740937
List the prime factors of 7668746651.
37, 11777, 17599
What are the prime factors of 1965763244?
2, 17, 3989, 7247
What are the prime factors of 51978246?
2, 3, 107, 80963
List the prime factors of 1607298370.
2, 5, 5519, 29123
List the prime factors of 1922504216.
2, 151, 983, 1619
What are the prime factors of 4305521575?
5, 17, 1249, 8111
What are the prime factors of 1201381786?
2, 11, 37, 1475899
List the prime factors of 1098931736.
2, 7, 43, 456367
What are the prime factors of 308715797?
13, 353, 67273
List the prime factors of 284231110.
2, 5, 2543, 11177
What are the prime factors of 834912057?
3, 7, 31, 1282507
What are the prime factors of 126055907?
113, 1115539
List the prime factors of 333087863.
23, 59, 389, 631
List the prime factors of 153380506.
2, 76690253
List the prime factors of 2684274569.
2684274569
List the prime factors of 31283036.
2, 23, 337, 1009
What are the prime factors of 683090090?
2, 5, 17, 19, 79, 2677
What are the prime factors of 255579214?
2, 11, 11617237
List the prime factors of 170663953.
1321, 129193
What are the prime factors of 1140187811?
7, 89, 261451
List the prime factors of 23201964.
2, 3, 19, 3769
List the prime factors of 85666154.
2, 7, 6119011
List the prime factors of 334366372.
2, 31, 97, 27799
List the prime factors of 6263887473.
3, 17, 1319, 31039
List the prime factors of 107121883.
11, 47, 207199
List the prime factors of 3756280365.
3, 5, 27824299
What are the prime factors of 657308196?
2, 3, 17, 39779
List the prime factors of 5203540888.
2, 7, 13, 419, 2437
List the prime factors of 784004640.
2, 3, 5, 17, 96079
What are the prime factors of 1205260670?
2, 5, 3613, 33359
What are the prime factors of 241820257?
7, 17, 2032103
What are the prime factors of 4065528018?
2, 3, 71, 2357, 4049
List the prime factors of 81968214.
2, 3, 13661369
List the prime factors of 932715922.
2, 29, 1093, 14713
What are the prime factors of 7425287?
199, 37313
What are the prime factors of 177117852?
2, 3, 14759821
What are the prime factors of 242511996?
2, 3, 967, 20899
List the prime factors of 772741928.
2, 7, 13798963
List the prime factors of 3192350044.
2, 13, 23, 29, 92041
List the prime factors of 192029294.
2, 96014647
What are the prime factors of 363174811?
109, 359, 9281
What are the prime factors of 1235806115?
5, 247161223
List the prime factors of 2776529380.
2, 5, 59, 877, 2683
List the prime factors of 84245217.
3, 7, 17, 367, 643
What are the prime factors of 186618218?
2, 93309109
List the prime factors of 29327140.
2, 5, 487, 3011
List the prime factors of 6027715.
5, 61, 19763
What are the prime factors of 95728593?
3, 19, 1049, 1601
List the prime factors of 1170248679.
3, 113, 1150687
What are the prime factors of 38135410?
2, 5, 43, 131, 677
What are the prime factors of 238085259?
3, 23, 509, 6779
What are the prime factors of 345123864?
2, 3, 37, 353, 367
What are the prime factors of 63754879?
17, 31, 120977
List the prime factors of 3241238136.
2, 3, 1439, 93851
List the prime factors of 1830319572.
2, 3, 29, 1249, 4211
What are the prime factors of 483581905?
5, 96716381
What are the prime factors of 2348284281?
3, 7, 15974723
List the prime factors of 585768203.
67, 131, 66739
List the prime factors of 378770286.
2, 3, 1063, 59387
What are the prime factors of 553142299?
139, 1433, 2777
What are the prime factors of 5897846?
2, 29, 61, 1667
What are the prime factors of 243782352?
2, 3, 11, 29, 61
What are the prime factors of 1291622409?
3, 7, 11, 31, 409
What are the prime factors of 6084038221?
653, 9317057
What are the prime factors of 1630824843?
3, 31, 2731, 6421
What are the prime factors of 231694827?
3, 7, 13, 848699
List the prime factors of 892707063.
3, 41, 7257781
List the prime factors of 284000643.
3, 1487, 21221
List the prime factors of 2229078352.
2, 17, 557, 14713
What are the prime factors of 55895952?
2, 3, 7, 166357
What are the prime factors of 13996120?
2, 5, 349903
List the prime factors of 91424.
2, 2857
List the prime factors of 278143183.
107, 1019, 2551
What are the prime factors of 262808502?
2, 3, 11, 97, 41051
List the prime factors of 466778553.
3, 155592851
List the prime factors of 184390415.
5, 11, 17, 199, 991
List the prime factors of 488415741.
3, 11, 23, 83, 7753
List the prime factors of 399417623.
11, 103, 227, 1553
List the prime factors of 322475377.
7, 46067911
List the prime factors of 3865337788.
2, 13, 197, 377327
List the prime factors of 21127792.
2, 7, 41, 43, 107
What are the prime factors of 238206146?
2, 41, 313, 9281
What are the prime factors of 118200035?
5, 223, 227, 467
What are the prime factors of 64657851?
3, 17, 251, 5051
What are the prime factors of 121829341?
89, 1368869
What are the prime factors of 35956110?
2, 3, 5, 1198537
What are the prime factors of 64967946?
2, 3, 29, 373379
What are the prime factors of 2571321362?
2, 59, 233, 93523
What are the prime factors of 266136070?
2, 5, 739, 36013
List the prime factors of 945455027.
11, 85950457
What are the prime factors of 17495554?
2, 8747777
What are the prime factors of 728529016?
2, 17, 31, 172801
List the prime factors of 156690434.
2, 78345217
What are the prime factors of 374905602?
2, 3, 67, 310867
List the prime factors of 137927869.
137927869
List the prime factors of 917